7?
3
What is the ten thousands digit of 455777?
5
What is the thousands digit of 17580314?
0
What is the hundreds digit of 2250486?
4
What is the hundred thousands digit of 4772490?
7
What is the units digit of 36711246?
6
What is the tens digit of 2915463?
6
What is the units digit of 1922126?
6
What is the hundred thousands digit of 7651014?
6
What is the ten thousands digit of 4283507?
8
What is the hundred thousands digit of 640673?
6
What is the ten thousands digit of 8070956?
7
What is the units digit of 11622823?
3
What is the millions digit of 8967821?
8
What is the tens digit of 1140172?
7
What is the hundred thousands digit of 258557?
2
What is the tens digit of 3809767?
6
What is the millions digit of 1097878?
1
What is the hundreds digit of 3391839?
8
What is the tens digit of 1943633?
3
What is the hundred thousands digit of 182623?
1
What is the tens digit of 2557685?
8
What is the units digit of 163370?
0
What is the thousands digit of 605070?
5
What is the hundreds digit of 1729179?
1
What is the ten thousands digit of 123910?
2
What is the millions digit of 16117517?
6
What is the millions digit of 2088729?
2
What is the millions digit of 1836634?
1
What is the hundreds digit of 1366954?
9
What is the ten thousands digit of 7096259?
9
What is the ten thousands digit of 406426?
0
What is the thousands digit of 568020?
8
What is the hundreds digit of 5566577?
5
What is the hundreds digit of 3071221?
2
What is the ten thousands digit of 312073?
1
What is the thousands digit of 476401?
6
What is the tens digit of 1584035?
3
What is the units digit of 536189?
9
What is the ten millions digit of 10855879?
1
What is the thousands digit of 290302?
0
What is the hundred thousands digit of 205276?
2
What is the hundred thousands digit of 331632?
3
What is the hundreds digit of 43922?
9
What is the hundreds digit of 1652105?
1
What is the hundred thousands digit of 151617?
1
What is the thousands digit of 3024389?
4
What is the units digit of 9148698?
8
What is the units digit of 66021?
1
What is the hundreds digit of 620655?
6
What is the ten thousands digit of 812389?
1
What is the units digit of 8006823?
3
What is the hundreds digit of 6515600?
6
What is the ten thousands digit of 2139348?
3
What is the hundred thousands digit of 644024?
6
What is the tens digit of 976686?
8
What is the hundreds digit of 16796926?
9
What is the ten thousands digit of 15625242?
2
What is the hundreds digit of 1429733?
7
What is the hundred thousands digit of 10487660?
4
What is the ten millions digit of 33727557?
3
What is the units digit of 907730?
0
What is the hundreds digit of 801393?
3
What is the hundred thousands digit of 8226413?
2
What is the hundreds digit of 3727148?
1
What is the ten thousands digit of 5145011?
4
What is the tens digit of 13654332?
3
What is the tens digit of 266881?
8
What is the hundreds digit of 4518559?
5
What is the thousands digit of 203197?
3
What is the tens digit of 4155591?
9
What is the thousands digit of 194293?
4
What is the hundreds digit of 6494896?
8
What is the millions digit of 1532126?
1
What is the tens digit of 1657689?
8
What is the millions digit of 22491177?
2
What is the units digit of 14773777?
7
What is the hundred thousands digit of 30866019?
8
What is the thousands digit of 11460144?
0
What is the thousands digit of 5740000?
0
What is the ten thousands digit of 805458?
0
What is the tens digit of 651695?
9
What is the tens digit of 58705?
0
What is the hundreds digit of 500238?
2
What is the hundred thousands digit of 3002759?
0
What is the tens digit of 1520224?
2
What is the ten thousands digit of 31189204?
8
What is the ten thousands digit of 20099580?
9
What is the units digit of 8579674?
4
What is the thousands digit of 11645038?
5
What is the hundred thousands digit of 32595421?
5
What is the units digit of 17088509?
9
What is the tens digit of 39821?
2
What is the units digit of 252367?
7
What is the units digit of 335448?
8
What is the ten millions digit of 10438024?
1
What is the units digit of 634286?
6
What is the hundreds digit of 5267686?
6
What is the tens digit of 204810?
1
What is the hundreds digit of 133000?
0
What is the hundreds digit of 359701?
7
What is the hundreds digit of 551680?
6
What is the millions digit of 9086227?
9
What is the hundred thousands digit of 2424520?
4
What is the ten millions digit of 34489558?
3
What is the ten thousands digit of 182863?
8
What is the thousands digit of 25476133?
6
What is the tens digit of 2607470?
7
What is the thousands digit of 633557?
3
What is the hundreds digit of 105919?
9
What is the hundreds digit of 946653?
6
What is the ten thousands digit of 188186?
8
What is the thousands digit of 2396662?
6
What is the units digit of 698533?
3
What is the tens digit of 677704?
0
What is the hundred thousands digit of 178204?
1
What is the units digit of 12096780?
0
What is the millions digit of 1521277?
1
What is the thousands digit of 18323828?
3
What is the thousands digit of 536293?
6
What is the thousands digit of 5246254?
6
What is the ten thousands digit of 4346552?
4
What is the hundred thousands digit of 131621?
1
What is the thousands digit of 642159?
2
What is the thousands digit of 8048486?
8
What is the ten thousands digit of 545124?
4
What is the units digit of 13403037?
7
What is the hundreds digit of 1264892?
8
What is the hundred thousands digit of 894221?
8
What is the units digit of 296296?
6
What is the ten thousands digit of 7954361?
5
What is the ten thousands digit of 524222?
2
What is the ten thousands digit of 491648?
9
What is the ten thousands digit of 9103278?
0
What is the units digit of 962084?
4
What is the units digit of 313490?
0
What is the millions digit of 3028491?
3
What is the ten millions digit of 19453619?
1
What is the ten millions digit of 11416737?
1
What is the units digit of 34842?
2
What is the thousands digit of 1226337?
6
What is the hundreds digit of 198586?
5
What is the ten thousands digit of 5312006?
1
What is the hundreds digit of 260591?
5
What is the units digit of 23991374?
4
What is the ten thousands digit of 523367?
2
What is the hundreds digit of 750801?
8
What is the thousands digit of 47939?
7
What is the ten thousands digit of 697392?
9
What is the millions digit of 3719970?
3
What is the hundred thousands digit of 4220768?
2
What is the hundreds digit of 1271418?
4
What is the hundreds digit of 499263?
2
What is the tens digit of 187321?
2
What is the hundred thousands digit of 261577?
2
What is the units digit of 3597255?
5
What is the units digit of 514155?
5
What is the units digit of 277807?
7
What is the tens digit of 130703?
0
What is the hundreds digit of 2156350?
3
What is the tens digit of 295730?
3
What is the tens digit of 288543?
4
What is the units digit of 81371?
1
What is the millions digit of 6925529?
6
What is the hundred thousands digit of 2738931?
7
What is the units digit of 105772?
2
What is the millions digit of 8664423?
8
What is the tens digit of 7389247?
4
What is the millions digit of 31650990?
1
What is the thousands digit of 695475?
5
What is the tens digit of 8796?
9
What is the ten thousands digit of 22314812?
1
What is the tens digit of 448199?
9
What is the tens digit of 1951367?
6
What is the hundreds digit of 7010?
0
What is the ten thousands digit of 380985?
8
What is the hundreds digit of 4370192?
1
What is the ten thousands digit of 690097?
9
What is the thousands digit of 337523?
7
What is the ten thousands digit of 396141?
9
What is the ten thousands digit of 178590?
7
What is the ten thousands digit of 6037499?
3
What is the hundred thousands digit of 7142415?
1
What is the tens digit of 520128?
2
What is the hundreds digit of 8532577?
5
What is the thousands digit of 9163839?
3
What is the hundreds digit of 468796?
7
What is the hundred thousands digit of 808420?
8
What is the tens digit of 1404959?
5
What is the units digit of 24076249?
9
What is the hundreds digit of 3552?
5
What is the tens digit of 474003?
0
What is the ten thousands digit of 1929257?
2
What is the hundred thousands digit of 273738?
2
What is the units digit of 31832081?
1
What is the units digit of 274342?
2
What is the hundreds digit of 1606546?
5
What is t